{"id":422,"date":"2015-05-17T15:19:42","date_gmt":"2015-05-17T15:19:42","guid":{"rendered":"http:\/\/www.bauernstrasse11.de\/?page_id=422"},"modified":"2018-08-22T16:27:30","modified_gmt":"2018-08-22T16:27:30","slug":"kutschfahrten-2","status":"publish","type":"page","link":"https:\/\/www.bauernstrasse11.de\/?page_id=422","title":{"rendered":"Kutschfahrten"},"content":{"rendered":"<div id='gallery-1' class='gallery galleryid-422 gallery-columns-2 gallery-size-medium'><figure class='gallery-item'>\n\t\t\t<div class='gallery-icon landscape'>\n\t\t\t\t<a href='https:\/\/www.bauernstrasse11.de\/?attachment_id=272'><img loading=\"lazy\" decoding=\"async\" width=\"300\" height=\"225\" src=\"https:\/\/www.bauernstrasse11.de\/wp-content\/uploads\/CIMG3341-300x225.jpg\" class=\"attachment-medium size-medium\" alt=\"\" aria-describedby=\"gallery-1-272\" srcset=\"https:\/\/www.bauernstrasse11.de\/wp-content\/uploads\/CIMG3341-300x225.jpg 300w, https:\/\/www.bauernstrasse11.de\/wp-content\/uploads\/CIMG3341-250x188.jpg 250w, https:\/\/www.bauernstrasse11.de\/wp-content\/uploads\/CIMG3341.jpg 640w\" sizes=\"auto, 100vw\" \/><\/a>\n\t\t\t<\/div>\n\t\t\t\t<figcaption class='wp-caption-text gallery-caption' id='gallery-1-272'>\n\t\t\t\tPlanwagenfahrt durch den Dr\u00f6mling\n\t\t\t\t<\/figcaption><\/figure><figure class='gallery-item'>\n\t\t\t<div class='gallery-icon landscape'>\n\t\t\t\t<a href='https:\/\/www.bauernstrasse11.de\/?attachment_id=416'><img loading=\"lazy\" decoding=\"async\" width=\"300\" height=\"225\" src=\"https:\/\/www.bauernstrasse11.de\/wp-content\/uploads\/DSCN01021-300x225.jpg\" class=\"attachment-medium size-medium\" alt=\"\" aria-describedby=\"gallery-1-416\" srcset=\"https:\/\/www.bauernstrasse11.de\/wp-content\/uploads\/DSCN01021-300x225.jpg 300w, https:\/\/www.bauernstrasse11.de\/wp-content\/uploads\/DSCN01021-1024x768.jpg 1024w, https:\/\/www.bauernstrasse11.de\/wp-content\/uploads\/DSCN01021-250x188.jpg 250w\" sizes=\"auto, 100vw\" \/><\/a>\n\t\t\t<\/div>\n\t\t\t\t<figcaption class='wp-caption-text gallery-caption' id='gallery-1-416'>\n\t\t\t\tGael mit Stoner und Stine vor dem Planwagen\n\t\t\t\t<\/figcaption><\/figure><figure class='gallery-item'>\n\t\t\t<div class='gallery-icon landscape'>\n\t\t\t\t<a href='https:\/\/www.bauernstrasse11.de\/?attachment_id=415'><img loading=\"lazy\" decoding=\"async\" width=\"300\" height=\"199\" src=\"https:\/\/www.bauernstrasse11.de\/wp-content\/uploads\/DSC_00421-300x199.jpg\" class=\"attachment-medium size-medium\" alt=\"\" aria-describedby=\"gallery-1-415\" srcset=\"https:\/\/www.bauernstrasse11.de\/wp-content\/uploads\/DSC_00421-300x199.jpg 300w, https:\/\/www.bauernstrasse11.de\/wp-content\/uploads\/DSC_00421-1024x680.jpg 1024w, https:\/\/www.bauernstrasse11.de\/wp-content\/uploads\/DSC_00421-250x166.jpg 250w\" sizes=\"auto, 100vw\" \/><\/a>\n\t\t\t<\/div>\n\t\t\t\t<figcaption class='wp-caption-text gallery-caption' id='gallery-1-415'>\n\t\t\t\tTrainingsfahrt mit Zandru und Zilly\n\t\t\t\t<\/figcaption><\/figure><figure class='gallery-item'>\n\t\t\t<div class='gallery-icon landscape'>\n\t\t\t\t<a href='https:\/\/www.bauernstrasse11.de\/?attachment_id=420'><img loading=\"lazy\" decoding=\"async\" width=\"300\" height=\"225\" src=\"https:\/\/www.bauernstrasse11.de\/wp-content\/uploads\/DSCN01261-300x225.jpg\" class=\"attachment-medium size-medium\" alt=\"\" srcset=\"https:\/\/www.bauernstrasse11.de\/wp-content\/uploads\/DSCN01261-300x225.jpg 300w, https:\/\/www.bauernstrasse11.de\/wp-content\/uploads\/DSCN01261-1024x768.jpg 1024w, https:\/\/www.bauernstrasse11.de\/wp-content\/uploads\/DSCN01261-250x188.jpg 250w\" sizes=\"auto, 100vw\" \/><\/a>\n\t\t\t<\/div><\/figure><figure class='gallery-item'>\n\t\t\t<div class='gallery-icon landscape'>\n\t\t\t\t<a href='https:\/\/www.bauernstrasse11.de\/?attachment_id=432'><img loading=\"lazy\" decoding=\"async\" width=\"300\" height=\"199\" src=\"https:\/\/www.bauernstrasse11.de\/wp-content\/uploads\/DSC_9121-300x199.jpg\" class=\"attachment-medium size-medium\" alt=\"\" aria-describedby=\"gallery-1-432\" srcset=\"https:\/\/www.bauernstrasse11.de\/wp-content\/uploads\/DSC_9121-300x199.jpg 300w, https:\/\/www.bauernstrasse11.de\/wp-content\/uploads\/DSC_9121-1024x680.jpg 1024w, https:\/\/www.bauernstrasse11.de\/wp-content\/uploads\/DSC_9121-250x166.jpg 250w\" sizes=\"auto, 100vw\" \/><\/a>\n\t\t\t<\/div>\n\t\t\t\t<figcaption class='wp-caption-text gallery-caption' id='gallery-1-432'>\n\t\t\t\tgeschm\u00fcckter Jagdwagen\n\t\t\t\t<\/figcaption><\/figure><figure class='gallery-item'>\n\t\t\t<div class='gallery-icon landscape'>\n\t\t\t\t<a href='https:\/\/www.bauernstrasse11.de\/?attachment_id=434'><img loading=\"lazy\" decoding=\"async\" width=\"300\" height=\"199\" src=\"https:\/\/www.bauernstrasse11.de\/wp-content\/uploads\/DSC_9129-300x199.jpg\" class=\"attachment-medium size-medium\" alt=\"\" aria-describedby=\"gallery-1-434\" srcset=\"https:\/\/www.bauernstrasse11.de\/wp-content\/uploads\/DSC_9129-300x199.jpg 300w, https:\/\/www.bauernstrasse11.de\/wp-content\/uploads\/DSC_9129-1024x680.jpg 1024w, https:\/\/www.bauernstrasse11.de\/wp-content\/uploads\/DSC_9129-250x166.jpg 250w\" sizes=\"auto, 100vw\" \/><\/a>\n\t\t\t<\/div>\n\t\t\t\t<figcaption class='wp-caption-text gallery-caption' id='gallery-1-434'>\n\t\t\t\tF\u00fcr die Goldene Hochzeit\n\t\t\t\t<\/figcaption><\/figure><figure class='gallery-item'>\n\t\t\t<div class='gallery-icon landscape'>\n\t\t\t\t<a href='https:\/\/www.bauernstrasse11.de\/?attachment_id=433'><img loading=\"lazy\" decoding=\"async\" width=\"300\" height=\"199\" src=\"https:\/\/www.bauernstrasse11.de\/wp-content\/uploads\/DSC_9122-300x199.jpg\" class=\"attachment-medium size-medium\" alt=\"\" aria-describedby=\"gallery-1-433\" srcset=\"https:\/\/www.bauernstrasse11.de\/wp-content\/uploads\/DSC_9122-300x199.jpg 300w, https:\/\/www.bauernstrasse11.de\/wp-content\/uploads\/DSC_9122-1024x680.jpg 1024w, https:\/\/www.bauernstrasse11.de\/wp-content\/uploads\/DSC_9122-250x166.jpg 250w\" sizes=\"auto, 100vw\" \/><\/a>\n\t\t\t<\/div>\n\t\t\t\t<figcaption class='wp-caption-text gallery-caption' id='gallery-1-433'>\n\t\t\t\tVor dem Start \n\t\t\t\t<\/figcaption><\/figure><figure class='gallery-item'>\n\t\t\t<div class='gallery-icon landscape'>\n\t\t\t\t<a href='https:\/\/www.bauernstrasse11.de\/?attachment_id=435'><img loading=\"lazy\" decoding=\"async\" width=\"300\" height=\"199\" src=\"https:\/\/www.bauernstrasse11.de\/wp-content\/uploads\/DSC_9130-300x199.jpg\" class=\"attachment-medium size-medium\" alt=\"\" aria-describedby=\"gallery-1-435\" srcset=\"https:\/\/www.bauernstrasse11.de\/wp-content\/uploads\/DSC_9130-300x199.jpg 300w, https:\/\/www.bauernstrasse11.de\/wp-content\/uploads\/DSC_9130-1024x680.jpg 1024w, https:\/\/www.bauernstrasse11.de\/wp-content\/uploads\/DSC_9130-250x166.jpg 250w\" sizes=\"auto, 100vw\" \/><\/a>\n\t\t\t<\/div>\n\t\t\t\t<figcaption class='wp-caption-text gallery-caption' id='gallery-1-435'>\n\t\t\t\tStoner und Hansi vor der Hochzeitskutsche\n\t\t\t\t<\/figcaption><\/figure><figure class='gallery-item'>\n\t\t\t<div class='gallery-icon landscape'>\n\t\t\t\t<a href='https:\/\/www.bauernstrasse11.de\/?attachment_id=725'><img loading=\"lazy\" decoding=\"async\" width=\"300\" height=\"152\" src=\"https:\/\/www.bauernstrasse11.de\/wp-content\/uploads\/Hochzeitsfahrt-18.8.18-300x152.jpg\" class=\"attachment-medium size-medium\" alt=\"\" aria-describedby=\"gallery-1-725\" srcset=\"https:\/\/www.bauernstrasse11.de\/wp-content\/uploads\/Hochzeitsfahrt-18.8.18-300x152.jpg 300w, https:\/\/www.bauernstrasse11.de\/wp-content\/uploads\/Hochzeitsfahrt-18.8.18-768x389.jpg 768w, https:\/\/www.bauernstrasse11.de\/wp-content\/uploads\/Hochzeitsfahrt-18.8.18.jpg 1024w, https:\/\/www.bauernstrasse11.de\/wp-content\/uploads\/Hochzeitsfahrt-18.8.18-250x127.jpg 250w\" sizes=\"auto, 100vw\" \/><\/a>\n\t\t\t<\/div>\n\t\t\t\t<figcaption class='wp-caption-text gallery-caption' id='gallery-1-725'>\n\t\t\t\tHochzeitsfahrt, abholen des Hochzeitspaares vom Burghof Oebisfelde.\n\t\t\t\t<\/figcaption><\/figure><figure class='gallery-item'>\n\t\t\t<div class='gallery-icon landscape'>\n\t\t\t\t<a href='https:\/\/www.bauernstrasse11.de\/?attachment_id=451'><img loading=\"lazy\" decoding=\"async\" width=\"300\" height=\"199\" src=\"https:\/\/www.bauernstrasse11.de\/wp-content\/uploads\/DSC_0211-300x199.jpg\" class=\"attachment-medium size-medium\" alt=\"\" aria-describedby=\"gallery-1-451\" srcset=\"https:\/\/www.bauernstrasse11.de\/wp-content\/uploads\/DSC_0211-300x199.jpg 300w, https:\/\/www.bauernstrasse11.de\/wp-content\/uploads\/DSC_0211-1024x680.jpg 1024w, https:\/\/www.bauernstrasse11.de\/wp-content\/uploads\/DSC_0211-250x166.jpg 250w\" sizes=\"auto, 100vw\" \/><\/a>\n\t\t\t<\/div>\n\t\t\t\t<figcaption class='wp-caption-text gallery-caption' id='gallery-1-451'>\n\t\t\t\tAlle Pl\u00e4tze belegt  Fahrt zur Mutterkuhherde stie\u00df auf gro\u00dfes Interesse.\n\t\t\t\t<\/figcaption><\/figure><figure class='gallery-item'>\n\t\t\t<div class='gallery-icon landscape'>\n\t\t\t\t<a href='https:\/\/www.bauernstrasse11.de\/?attachment_id=474'><img loading=\"lazy\" decoding=\"async\" width=\"300\" height=\"199\" src=\"https:\/\/www.bauernstrasse11.de\/wp-content\/uploads\/DSC_0662-300x199.jpg\" class=\"attachment-medium size-medium\" alt=\"\" aria-describedby=\"gallery-1-474\" srcset=\"https:\/\/www.bauernstrasse11.de\/wp-content\/uploads\/DSC_0662-300x199.jpg 300w, https:\/\/www.bauernstrasse11.de\/wp-content\/uploads\/DSC_0662-1024x680.jpg 1024w, https:\/\/www.bauernstrasse11.de\/wp-content\/uploads\/DSC_0662-250x166.jpg 250w\" sizes=\"auto, 100vw\" \/><\/a>\n\t\t\t<\/div>\n\t\t\t\t<figcaption class='wp-caption-text gallery-caption' id='gallery-1-474'>\n\t\t\t\tEs geht auch 4-sp\u00e4nnig\n\t\t\t\t<\/figcaption><\/figure><figure class='gallery-item'>\n\t\t\t<div class='gallery-icon landscape'>\n\t\t\t\t<a href='https:\/\/www.bauernstrasse11.de\/?attachment_id=475'><img loading=\"lazy\" decoding=\"async\" width=\"300\" height=\"199\" src=\"https:\/\/www.bauernstrasse11.de\/wp-content\/uploads\/DSC_0692-300x199.jpg\" class=\"attachment-medium size-medium\" alt=\"\" aria-describedby=\"gallery-1-475\" srcset=\"https:\/\/www.bauernstrasse11.de\/wp-content\/uploads\/DSC_0692-300x199.jpg 300w, https:\/\/www.bauernstrasse11.de\/wp-content\/uploads\/DSC_0692-1024x680.jpg 1024w, https:\/\/www.bauernstrasse11.de\/wp-content\/uploads\/DSC_0692-250x166.jpg 250w\" sizes=\"auto, 100vw\" \/><\/a>\n\t\t\t<\/div>\n\t\t\t\t<figcaption class='wp-caption-text gallery-caption' id='gallery-1-475'>\n\t\t\t\tFahrer und Beifahrer voll konzentriert.\n\t\t\t\t<\/figcaption><\/figure><figure class='gallery-item'>\n\t\t\t<div class='gallery-icon landscape'>\n\t\t\t\t<a href='https:\/\/www.bauernstrasse11.de\/?attachment_id=484'><img loading=\"lazy\" decoding=\"async\" width=\"300\" height=\"199\" src=\"https:\/\/www.bauernstrasse11.de\/wp-content\/uploads\/DSC_0734-300x199.jpg\" class=\"attachment-medium size-medium\" alt=\"\" aria-describedby=\"gallery-1-484\" srcset=\"https:\/\/www.bauernstrasse11.de\/wp-content\/uploads\/DSC_0734-300x199.jpg 300w, https:\/\/www.bauernstrasse11.de\/wp-content\/uploads\/DSC_0734-1024x680.jpg 1024w, https:\/\/www.bauernstrasse11.de\/wp-content\/uploads\/DSC_0734-250x166.jpg 250w\" sizes=\"auto, 100vw\" \/><\/a>\n\t\t\t<\/div>\n\t\t\t\t<figcaption class='wp-caption-text gallery-caption' id='gallery-1-484'>\n\t\t\t\tSicher im Trab\n\t\t\t\t<\/figcaption><\/figure><figure class='gallery-item'>\n\t\t\t<div class='gallery-icon landscape'>\n\t\t\t\t<a href='https:\/\/www.bauernstrasse11.de\/?attachment_id=476'><img loading=\"lazy\" decoding=\"async\" width=\"300\" height=\"199\" src=\"https:\/\/www.bauernstrasse11.de\/wp-content\/uploads\/DSC_0737-300x199.jpg\" class=\"attachment-medium size-medium\" alt=\"\" aria-describedby=\"gallery-1-476\" srcset=\"https:\/\/www.bauernstrasse11.de\/wp-content\/uploads\/DSC_0737-300x199.jpg 300w, https:\/\/www.bauernstrasse11.de\/wp-content\/uploads\/DSC_0737-1024x680.jpg 1024w, https:\/\/www.bauernstrasse11.de\/wp-content\/uploads\/DSC_0737-250x166.jpg 250w\" sizes=\"auto, 100vw\" \/><\/a>\n\t\t\t<\/div>\n\t\t\t\t<figcaption class='wp-caption-text gallery-caption' id='gallery-1-476'>\n\t\t\t\tDie Pferde k\u00f6nnen auch Schritt!\n\t\t\t\t<\/figcaption><\/figure>\n\t\t<\/div>\n\n<p>&nbsp;<\/p>\n<p>&nbsp;<\/p>\n","protected":false},"excerpt":{"rendered":"<p>&nbsp; &nbsp;<\/p>\n","protected":false},"author":1,"featured_media":0,"parent":0,"menu_order":0,"comment_status":"closed","ping_status":"open","template":"","meta":{"footnotes":""},"class_list":["post-422","page","type-page","status-publish","hentry"],"_links":{"self":[{"href":"https:\/\/www.bauernstrasse11.de\/index.php?rest_route=\/wp\/v2\/pages\/422","targetHints":{"allow":["GET"]}}],"collection":[{"href":"https:\/\/www.bauernstrasse11.de\/index.php?rest_route=\/wp\/v2\/pages"}],"about":[{"href":"https:\/\/www.bauernstrasse11.de\/index.php?rest_route=\/wp\/v2\/types\/page"}],"author":[{"embeddable":true,"href":"https:\/\/www.bauernstrasse11.de\/index.php?rest_route=\/wp\/v2\/users\/1"}],"replies":[{"embeddable":true,"href":"https:\/\/www.bauernstrasse11.de\/index.php?rest_route=%2Fwp%2Fv2%2Fcomments&post=422"}],"version-history":[{"count":8,"href":"https:\/\/www.bauernstrasse11.de\/index.php?rest_route=\/wp\/v2\/pages\/422\/revisions"}],"predecessor-version":[{"id":726,"href":"https:\/\/www.bauernstrasse11.de\/index.php?rest_route=\/wp\/v2\/pages\/422\/revisions\/726"}],"wp:attachment":[{"href":"https:\/\/www.bauernstrasse11.de\/index.php?rest_route=%2Fwp%2Fv2%2Fmedia&parent=422"}],"curies":[{"name":"wp","href":"https:\/\/api.w.org\/{rel}","templated":true}]}}